pose -i + 7 = -9. Calculate the remainder when 10/20*(0 - h) is divided by i.
15
Let b(g) = 11*g**2 + 38*g - 30. What is the remainder when b(7) is divided by 20?
15
Let l be 14/(1/(-1))*-1. Let o(s) = -s**2 + 17*s - 14. What is the remainder when o(l) is divided by 17?
11
Suppose -2*x + 18 = 3*v, -x = -0*v - v + 1. Let b = 20 + -7. Calculate the remainder when b is divided by v.
1
Let u = -154 + 285. Suppose -535 = -4*j - u. What is the remainder when j is divided by 27?
20
Let t(a) = 6*a**2 + 20*a + 131. Calculate the remainder when 186 is divided by t(-5).
5
Let k = -15 - -24. Calculate the remainder when k is divided by 5.
4
Let x(n) be the third derivative of -1/2*n**3 + 0*n + 0 + 9*n**2 - 9/8*n**4. What is the remainder when 94 is divided by x(-1)?
22
Suppose -6*d + 23*d = 221. Let p = 14 - -8. What is the remainder when p is divided by d?
9
Let x(v) = v**3 + 6*v**2 + 4*v - 3. Let f be x(-5). Suppose -2*h = f*b - 70, 0*h - 4*h = -4*b + 140. What is the remainder when b is divided by 12?
11
Suppose 4*z = -4*j + 4, 4*z + 2*j - 7 = -j. Suppose -7 = z*t - 35. Suppose t = 5*y - 28. Calculate the remainder when y is divided by 4.
3
Suppose -42*t = -34*t - 200. Calculate the remainder when 45 is divided by t.
20
Let h(c) = 2*c**3 - 22*c + 8*c**2 + 5*c**2 - 3*c**3 + 10 + 9. What is the remainder when 75 is divided by h(11)?
18
Let y be 76/(-6)*(-60)/(-8). Let l = -61 - y. Let p(j) = -600*j + 1218. What is the remainder when l is divided by p(2)?
16
Let u(w) = w**2 + w + 36. Let h = 1510 + -1407. What is the remainder when h is divided by u(0)?
31
Let s = 548 + -494. What is the remainder when s is divided by 608/44 + (-4)/(-22)?
12
Suppose p = -4 + 19. Let d(k) = 3*k - 26. What is the remainder when d(p) is divided by 7?
5
Suppose -29*p = -35*p + 438. What is the remainder when p is divided by 15?
13
Suppose 0 = -12*b + 303 + 141. Calculate the remainder when 140 is divided by b.
29
Let b(c) = -c**3 + 11*c**2 + 4*c - 8. Let y be b(11). Let i = y - 29. Calculate the remainder when 48 is divided by i.
6
Let z = -18 - -24. Let c(d) = -2*d + 15. Calculate the remainder when 11 is divided by c(z).
2
What is the remainder when (9 - 2)/(-1) - (246 + -397) is divided by (-21)/2*(-2)/1?
18
Let y(t) = -t**3 + 14*t**2 - 11*t + 33. Let p = -30 + 43. Calculate the remainder when y(p) is divided by 21.
17
Let s = -849 - -951. Calculate the remainder when 605 is divided by s.
95
Suppose 3*a - 4 = 158. Let k = -50 + a. Suppose 5*j + 7 = 2*x, -x + 6*j = 2*j + 1. Calculate the remainder when x is divided by k.
3
Let a be 210/49 - (-2)/(-21)*3. Suppose 4*o = 5*y + 3*o - 184, -5*o = -a*y + 143. What is the remainder when 108 is divided by y?
34
Suppose 0 = -4*z + 3*b + 55, 3*z - 5*b - 16 - 28 = 0. What is the remainder when 89 is divided by z?
11
Let y = 982 - 949. What is the remainder when 121 is divided by y?
22
Suppose 2 - 5 = -y. Let k = 48 + -48. Suppose -3 = -2*j - 3*g, -2*g = 3*j - k*g - 17. Calculate the remainder when j is divided by y.
0
Let g(i) = i**2 - 3*i + 2. Let l be g(3). Suppose 22 + 17 = l*n - 5*o, -3*n = -5*o - 61. What is the remainder when 84 is divided by n?
18
Suppose -4*i = -1 - 3. Let x = i + 14. Let l(p) = 15*p**2 - 2*p + 1. What is the remainder when l(2) is divided by x?
12
Let h(q) = -15*q**3 + 2*q**2 - 1. Calculate the remainder when ((-1170)/(-75))/(3 - (-78)/(-30)) is divided by h(-1).
7
Let q = 45 - 30. Suppose 5*j = 8*j - q. Calculate the remainder when 11 is divided by j.
1
Suppose 0*a + 2*a + 2*y - 90 = 0, -4*a + 4*y + 196 = 0. Suppose -q + 5*g = -a, 2*q - 4*g - 86 = -q. What is the remainder when q is divided by 13?
9
Let x = 360 + -308. Calculate the remainder when 200 is divided by x.
44
Suppose 0 = -2*s + 5*c, -s = 3*s - 2*c. Suppose y + 6 = -5*l, 3*y - 18 = -2*l - l. Calculate the remainder when (78/(-3))/(s - 1) is divided by y.
8
Let f(d) = d**3 - 15*d**2 + 44*d + 6. What is the remainder when 59 is divided by f(11)?
5
Let q(g) = 3*g**2 + 25*g + 45. What is the remainder when q(-2) is divided by 3?
1
Suppose -b - 12 = -3*z + 50, -2*z = 5*b - 13. What is the remainder when 159 is divided by z?
7
Let b = -2230 - -2363. Calculate the remainder when b is divided by 8.
5
Suppose 858 = 71*i - 45*i. What is the remainder when i is divided by 22?
11
Let i = -145 + 223. Suppose o = -2*o + i. What is the remainder when 47 is divided by o?
21
Let n = 1 - -9. Let d = -6 + n. Suppose -27 = -p + d*x, -5*p + 52 + 23 = -5*x. Calculate the remainder when 19 is divided by p.
8
Suppose -5*s = -5*w + 195, 4*s - 8 - 6 = -w. Let o = 2 + -5. Let q = o - -12. What is the remainder when w is divided by q?
7
Let m = -32 + 36. What is the remainder when 202 is divided by (-2 - m/(-6))*561/(-22)?
32
Calculate the remainder when 36*((-30)/(-32))/((-5)/(-20)) is divided by 34.
33
Let w(b) = 2*b**2 + 6*b + 22. Calculate the remainder when w(18) is divided by 19.
18
Suppose 5*j + 2 = -4*g + 5, j - 3*g = -7. Calculate the remainder when 32 is divided by (j - (-172)/(-8))*(-6)/9.
2
Suppose 14 = 2*b - 0. Let j = b + 9. Calculate the remainder when 58 is divided by j.
10
Let v(b) = -34*b - 3. Let p(d) = 1. Let k(y) = 2*p(y) + v(y). Let h = -317 - -324. Calculate the remainder when k(-1) is divided by h.
5
Let y = -63 - -70. What is the remainder when 53 is divided by y?
4
Let n = 98 - -22. What is the remainder when n is divided by 11?
10
Calculate the remainder when (-1699)/(-9) - (-18)/81 is divided by 6.
3
Suppose 3*i = -39 + 60. Calculate the remainder when 137 is divided by i.
4
Suppose n + 7 = -d - 3*d, 0 = -5*n + d - 35. Let w = n + 29. What is the remainder when w is divided by 13?
9
Suppose 0 = -k + 5*b + 22, -2*k - 3*b - 16 = -4*k. Suppose -k*z = -5*r - 8, z - r - 4*r = -1. What is the remainder when 61 is divided by z?
7
Suppose s + 3*z - 16 = 0, -3*s - 2*z + 51 = -32. What is the remainder when 85 is divided by s?
23
Calculate the remainder when 2 + (-4)/((-8)/(-2)) + 8 is divided by 6.
3
Let c = 0 + -10. Suppose -5*w - 2*j = -130, -2*w + 42 = 5*j - 31. Let q = c + w. Calculate the remainder when 25 is divided by q.
11
Let f(r) = r**3 + 4*r**2 - 5*r + 2. Suppose -4*u = 42 - 18. Let k be u - -4 - (2 + 0). Calculate the remainder when 42 is divided by f(k).
20
Let n(l) = l**2 + 3*l - 6. Let j be n(-5). Suppose -2*o = 7*m - 4*m - 72, -5*m + j*o = -120. Calculate the remainder when m is divided by 13.
11
Suppose 2*k = 15 + 49. Let z = -17 + k. Calculate the remainder when z is divided by (-1 + (-1 - -4))*4.
7
Let f = 31 + -27. Suppose 80 = 8*n - f*n. Suppose o - 2*x = 59 + 25, 3*o - x = 237. Calculate the remainder when o is divided by n.
18
Suppose -1093 = -6*b - 145. What is the remainder when b is divided by 9?
5
Let r be 26/(-2) - 2/(-1). Let y = r + 9. Calculate the remainder when 40 is divided by (y/5)/(9/(-315)).
12
Let m(y) = y**3 + 7*y**2 + 2*y + 17. Let v be m(-7). Suppose 2*a - a - 124 = -5*d, -v*d + a = -68. What is the remainder when 57 is divided by d?
9
Suppose 7*q - 2*c - 1215 = 0, -5*c + 358 = 5*q - 497. Calculate the remainder when q is divided by 35.
33
Let j(y) = 4*y**2 - y - 7. Calculate the remainder when j(4) is divided by 19.
15
Suppose 0 = 3*o - 2*o. Suppose -t = 2*g - g - 14, -2*t - 3*g + 31 = o. Suppose 0 = t*y - 15*y + 268. Calculate the remainder when y is divided by 17.
16
Suppose 2*k = k + 2. Suppose w + k*w = 2*v + 6, 2*v - w = 2. Suppose 5*a + j - 120 = -v*j, 5*a - 2*j - 150 = 0. Calculate the remainder when 82 is divided by a.
26
Suppose -s - 2*s - 51 = 0. Let o(n) = 5*n - 1. What is the remainder when s/(-2) + (-7)/(-14) is divided by o(1)?
1
Suppose 91 = 5*z - 0*z + o, 0 = -2*o - 8. Let v = 87 - 51. Suppose b - 6*b = -3*x + v, 3*b = 5*x - 60. Calculate the remainder when z is divided by x.
7
Let c(q) = q**2 - 10*q - 259. What is the remainder when 168 is divided by c(-14)?
14
Let y be 10/(-3)*(-72)/(-30). Let m(g) = g**2 + g - 6. Let b be m(y). Suppose 10*s - 15*s = -b. What is the remainder when 49 is divided by s?
9
Suppose 32*d - 28*d = 3*c + 103, 0 = d + 2*c - 34. What is the remainder when 117 is divided by d?
5
Let n be (-40)/100 + (-456)/10. Let r(p) = p**3 - 5*p**2 + 5*p - 3. Calculate the remainder when 6 + n/8 - 342/(-8) is divided by r(5).
21
Calculate the remainder when 81 is divided by ((-62)/(-